200 + (-2 - 19) - (2 + -7)).
-35
Calculate 14 + 29 + -12 + -58.
-27
What is (-4 - 0) + (6 - 1) + 131 + -168?
-36
What is 32 + (-15 - 9) + (-4 - (4 - -87))?
-87
Evaluate -20 + (-16 - (53 + -8) - (-3 + -1)).
-77
1 + -4 + -5 + 27 + (3 - 13)
9
What is 32 - (94 + (7 - (27 - 63)))?
-105
Evaluate -46 + 44 + (-52 - -19).
-35
What is -56 - -8 - (308 - 302)?
-54
Evaluate -70 + -41 + (20 - (-11 - -7)).
-87
Calculate -12 - (-85 + 37 + -24).
60
What is 21 + 79 + -8 + -64?
28
52 + 7 - (26 - 13) - (0 - (9 + 0))
55
Evaluate -1 + (39 - 97) + 88.
29
47 - (-96 - -240 - 100)
3
31 - -7 - (-400 - -480)
-42
What is the value of (-48 - -161) + -27 + -66?
20
Calculate -2 - ((63 + -27 - 26) + (0 - 33)).
21
Evaluate (15 - (-17 - -32) - -3) + 14.
17
Calculate (-20 + (21 - 39) - 13) + 23.
-28
Evaluate -28 + 103 + -25 - 31.
19
Evaluate -26 + 11 + 9 + (14 - 1) + 0 + 14.
21
11 + 20 + (-5 - (-9 + 21 + -5)) - -11
30
What is the value of 1 + 0 + 8 + (-18 + 8 - -1) - 30?
-30
-100 - 2 - (468 + -422)
-148
Calculate -57 - (-10 - (9 + 6 + 4 - 6)).
-34
What is the value of -9 + 7 + -2 + 76 + (-4 - (-4 - -11))?
61
What is 46 + (-43 + 28 - 12)?
19
What is the value of -24 + 11 + 44 + -83?
-52
Calculate 384 + -374 + (80 + -1 - (29 + -37)).
97
What is the value of (-90 - -98 - ((-4 - -6) + 9)) + 1 + -34?
-36
What is the value of 27 - 24 - 5 - (13 - 2) - -62?
49
31 - (-29 + 27 + (24 - 14))
23
What is 20 + 27 + -94 + 0 + 0?
-47
Calculate -16 + -1 - (118 + -4 + -98).
-33
What is 1 + -37 - (-25 - (-7 - (11 - 16 - -16)))?
-29
What is the value of -47 + -20 + 48 - -55?
36
What is (-22 - (-16 + -11) - -5) + -50?
-40
Calculate 7 + 35 + -10 + -20.
12
Calculate -4 + 87 + -91 + 87 + 2.
81
Evaluate (72 - 45 - 60) + (10 - (0 - 2)) + -12.
-33
(15 + -20 + -2 - 20) + 65
38
Calculate -18 + (39 + 7 - (16 + -35)).
47
What is the value of -1196 + 1078 + (56 - -1)?
-61
Evaluate -4 - (-56 + 30 - 0).
22
Calculate 2341 - 2367 - (-11 + 0 + -1).
-14
Evaluate -10 + -1 + (-382 - -331).
-62
Evaluate (-59 - (-71 - -38)) + -24.
-50
Calculate 56 - (9 - (5 - (6 + 1))) - 7.
38
What is the value of (-153 + 61 - -106) + 33?
47
Evaluate -34 + -1 + 4 - (23 + (20 + -2 - 55)).
-17
What is the value of -4 + (28 - -3) + -8 + -6 + 31?
44
Calculate -57 - (16 - 61 - -21).
-33
Evaluate -4 - ((2 - 1) + 9 + -8).
-6
Calculate 16 - (26 + -12 + -13 + -2 + 0).
17
What is the value of (3 - -17) + (-11 - -4) - (-3 + 3 - 18)?
31
What is -54 + 22 + (-11 - -7) - (19 + -3)?
-52
Calculate -97 - ((-71 - -23) + -156).
107
What is the value of (-74 - -2) + 81 + -73 + 13 + -35?
-86
12 + (-1 - -10 - ((-69 - -47) + 106))
-63
What is the value of (-18 - -192 - 42) + -74?
58
What is -11 - (12 + -20) - (17 - 16) - -38?
34
Calculate -2 + -2 + (-1 - 1) - (-4 - 81 - -35).
44
What is (6 - -7 - 11 - -1) + -95 + 3 + 1?
-88
Evaluate (-48 + -22 - -40) + -10.
-40
What is 95 - (-10 + (38 - -41))?
26
What is the value of -14 + 10 + -39 + 47?
4
What is the value of (5 - -46) + -67 - -7?
-9
-59 + 153 - 25 - 11
58
What is the value of 67 + -182 + 96 + -15?
-34
Calculate (-28 - -25) + 77 + -8 + -4 - 8.
54
Calculate -24 + (30 + -13 + -10 - 15).
-32
Calculate -8 + (-22 - (15 - 18 - -11 - (19 - 1))).
-20
Calculate 1 + 7 + 0 - (-152 + -53 - -185).
28
What is (-2 - 21) + (759 - 735)?
1
(-3 + (-126 - -141) - (21 - 0)) + (1 - 75)
-83
Calculate 62 + (-25 - -47 - 22) + -14.
48
What is 5 + -14 - (-12 + (6 - 11 - 11))?
19
(39 - (1 - -28)) + (-1 - (0 + 53))
-44
Calculate -2 - -6 - 0 - -3 - (-52 + 0 + 34).
25
What is (5 - 96 - -19) + 10?
-62
Evaluate -5 - (-27 - -6) - (117 - 96) - 73.
-78
37 - 45 - (-2 - (-5 - ((-4 - 2) + -1)))
-4
Calculate (-231 - -241) + 124 + -27.
107
What is -315 + 324 + (-15 - 1) - (8 - 2)?
-13
34 + -128 + 17 + 40
-37
Evaluate 17 + -4 + -16 + 8 + (4 - 5).
4
What is -117 + (145 - 89) + 34?
-27
What is (54 - 111) + 62 + (28 - 1)?
32
What is the value of -1 - -20 - (-2768 - -2805)?
-18
Evaluate (-6 + (-4 - -22 - 8) - 11) + (-16 - -56).
33
What is (-81 - 10) + 142 + (3 + -3 - -2) + -13?
40
Evaluate -59 + (99 + 31 - 16).
55
What is 15 + -23 + 22 + -18 - 46?
-50
12 - ((-26 + 5 + 10 - -4) + 2)
17
Calculate -4 + 15 - (10 + (2 + -16 - (77 - 71))).
21
What is the value of 7 - 9 - ((1 - 4) + -37 - (-4 - -2))?
36
30 - -13 - 48 - 38
-43
What is 4 - (4 + -3) - (-1729 + 1736)?
-4
What is the value of -84 + (6 - (-29 + 6)) + -2?
-57
What is the value of 65 + (-34 - -18) + -12 + 1 + 3?
41
What is the value of 7 - 12 - (44 + (4 - 12) + -9)?
-32
Evaluate -22 - (3 + -23) - 62 - (-12 - -1).
-53
(-14 - (22 - 46)) + -67 - -16
-41
What is 167 - 98 - 73 - (0 + 50)?
-54
Calculate 48 - (27 - (-14 - (-16 - 12))) - (1 + -10).
44
-2 - 0 - (0 + (-13 - -15) + 4 - 59)
51
What is (24 - (-15 - -24)) + -5 + -1?
9
Calculate 1 - 2 - 6 - (18 - (-15 + 37 - 5)).
-8
What is the value of (11 + -6 - 8 - (33 + -32)) + 51?
47
What is -75 + 124 + -68 + 45?
26
What is -28 - (0 + -27 - (-2 - 9) - 1)?
-11
(7 - 13) + (5 - (4 + 4 + -5)) + 16
12
What is 7 + (-54 - -2) - (-18 + (9 - -6))?
-42
Evaluate (-44 - -23) + -27 + 51.
3
Evaluate -44 + (-11 - (28 - 94)).
11
Evaluate 1112 - 1132 - (-1 + (-1 - -3)).
-21
(63 - -42) + -108 + 0 + -4
-7
((-13 - -9) + 1 - -72) + (14 - 17)
66
What is (7 - 44) + (-155 - -183)?
-9
Calculate 1 + (-44 - (-28 - -9)) - -24.
0
What is the value of -44 + (-1 - -65) + 8 + 2?
30
37 + (-72 - -31) - -38
34
Evaluate 6 - (48 + (-6 - -18 - 10)).
-44
What is -61 - 22 - -159 - 144?
-68
What is (-43 + 43 - (62 - -15)) + -23?
-100
What is (3 - (-2 + 1 - -3)) + (-2551 - -2563)?
13
Evaluate -39 + (121 + -37 + 2 - -42).
89
Evaluate 9 + ((-2 - -3) + -1 + 1 - (-229 - -265)).
-26
What is the value of (101 - 126) + 80 - 68?
-13
3 + -7 + 3 + -11 + (4 - 4) + -115
-127
What is 3 + 10 + (-62 - (-18 + 25 + -9))?
-47
What is the value of -17 + 0 + (-880 - -892) - (4 + 2)?
-11
What is (2 - 28 - (-13 - -18)) + -19 + 7?
-43
What is the value of (83 - -3) + -4389 + 4348?
45
What is -79 + (15 - -27) + (-6 - 19)?
-62
What is (170 - 47) + (18 + (-7 - 3) - (0 + 1))?
130
What is 1 - 66 - (15 + 95 - 69)?
-106
What is the value of (0 + 16 + -9 - ((11 - -149) + -13)) + 15?
-125
What is the value of -125 + -8 + -7 + (21 - (-6 - (0 + -7)))?
-120
-11 - (41 + (24 - 35 - -47))
-88
Evaluate 5 + 21 + -35 + 19 + (-92 - -1) - -15.
-66
Evaluate -1 + 76 + (-13 + -6 + 11 - -7 - 0).
74
What is (1 - 0) + -20 + 1200 + -1192 + 81?
70
What is the value of 9 - (-21 + (-5 - -6 - -1 - 4))?
32
(42 - 101) + 50 + 14
5
Calculate (40 + -12 - 9) + (38 - 1).
56
What is the value of -26 - (56 - (-62 - -189))?
45
What is the value of 23 + (-9 - 37) - 18?
-41
What is 589 - 546 - (-1 - -54) - -136?
126
What is the value of (58 - 98) + -121 + 108?
-53
Calculate (-118 - -104 - -11) + (2 - 0) + 0.
-1
Evaluate -1 - (2 + -38) - (-66 + -43 - -108).
36
Calculate (31 + 88 - 50) + -126.
-57
Calculate (-102 - -155) + 15 + -34 - 58.
-24
Evaluate (-9 - 29 - -50) + (-5 - 1) + (3 - 39).
-30
-23 + (1 - -56 - (184 + -198))
48
Evaluate -15 + 21 - 26 - 34.
-54
Calculate (0 - (4 + -5)) + 1 + 77 + -66.
13
Calculate -13 + 0 + -2 + (-18 + 11 - (6 - 2)).
-26
What is (-3 - (-22 + 14)) + (10 - 29)?
-14
Calculate (3 + -12 - 4) + 31 + (24 - 6).
36
Evaluate (10 - -28) + -52 - 12.
-26
Evaluate 1 - -1 - (-3 + (52 - 67) + -37).
57
8 + (19 - 24 - (-2 - 67)) + 11 + -6
77
What is (1 - -45) + (-525 - -355) + 44?
-80
Evaluate -53 - (-66 + 23 + 2 - -3).
-15
What is the value of 68 - (2 + -3) - ((16 - 38) + -41 + 56)?
76
What is the value of -24 - -5 - (-51 - (20 - 8))?
44
-2 - (7 - 5 - -7 - (-76 + 3)) - -11
-73
Evaluate 13 + -16 + (-3 - (-5 - -9)) + 2.
-8
-2 + -1 + -6 - (-215 + 215) - 10
-19
Calculate 14 + (-2 - (0 - -102)) + (7 - 57 - -42).
-98
Evaluate 17 - (206 + -198 - (1 - -48)).
58
What is the value of (7 - 2) + 3 - (-138 - -142) - 49?
-45
Calculate (-2 - (28 - 25 - (-12 + -3))) + 63.
43
What is -53 - (-25 + 1 + (-81 - -97)) - 0?
-45
Calculate -42 - (-126 - -20 - 63) - (-2 + -2 + 2).
129
Calculate -35 + (64 + -29 - 3) - -29.
26
What is the value of 12 - (14 - (-41 - -21)) - 12?
-34
-6 - (-28 - (13 + -94 + 14))
-45
Calculate 41 - (169 + -115 + -72).
59
What is the value of (17 - (-6 + -4 + 25) - -32) + -5?
29
(-5 + 3 - ((0 - 3) + 1)) + -9 - 41
-50
Calculate (-48 + 45 - (-2 + 4 - (2 - -11))) + -24.
-16
Evaluate -2 - ((-30 - -12) + 6) - -22 - (0 + -1).
33
Evaluate (-7 - -1) + (3 + -2